12. Let x be t(-13). Let g(j) = 3*j**3 - 14*j**2 + 25*j + 15. Let v(f) = x*g(f) - 4*n(f). Is v(-8) a composite number?
False
Let k(n) = -752*n**2 - 6*n. Let g be k(2). Let j = 7041 - g. Is j a prime number?
True
Is (-5)/(-9 + 14) - 62940/(-2) composite?
False
Let k(s) = -10 - 320*s**2 - 9*s + 316*s**2 + 3*s**3 + 0*s**3. Let d be k(8). Suppose 478 = 4*i - d. Is i a prime number?
True
Let t(v) = -75*v - 106*v + 24*v + 3 + 4*v. Let k(a) = -154*a + 2. Let n(y) = -4*k(y) + 6*t(y). Is n(-2) composite?
True
Let w(d) = 3*d + 36. Let l be w(-4). Is ((-1)/3)/(l/(-1341864)) a prime number?
True
Let m(k) = 2367*k - 3. Let x(d) = d**2 + 6*d + 7. Let s be x(-4). Let u be m(s). Let z = -1481 - u. Is z a prime number?
False
Let q be 4/12 + (-70)/(-6). Let r(k) = -7*k**3 + 6*k**2 + 27*k - 1. Let x(v) = -8*v**3 + 5*v**2 + 28*v - 1. Let c(w) = 7*r(w) - 6*x(w). Is c(q) prime?
True
Let y(i) = -139*i + 103921. Is y(0) a composite number?
True
Suppose -4*o + 5 - 9 = 0. Let c be (o - -4)/(12/8). Is ((-4)/(-5))/(c/1255) a prime number?
False
Suppose 0 = 5*q + 5*r + 10, -4*r - 6 + 0 = 5*q. Suppose -q*c + 1885 = -1141. Is c prime?
False
Let h(u) = -u**3 + 9*u**2 + 11*u + 32. Let c be h(-11). Let a = c - 1493. Is a composite?
True
Suppose 5*n = n + 20. Let b(j) = -1140*j**2 + 6 - 17*j + 11*j + 1171*j**2 + 24*j. Is b(n) a composite number?
True
Suppose -8*d = -6*d + 90. Let w = d + 50. Suppose -3*u = -v + 16, 3*v - 38 = w*u + 18. Is v a prime number?
False
Let p(j) = -2*j**3 - 15*j**2 - 26*j + 2. Let t(g) = -g**3 - 16*g**2 - 25*g + 3. Let b(h) = 2*p(h) - 3*t(h). Is b(-12) a prime number?
False
Suppose 70*q = 82*q - 216. Suppose q*w = 35*w - 13549. Is w prime?
True
Let m(r) = r - 3. Let i be m(9). Let h be 2*((-117668)/12 + (-2)/i). Is h/(-28) - (-4)/7 a composite number?
False
Let g = 310404 - 207043. Is g a composite number?
True
Let u = 242480 - 90943. Is u composite?
False
Suppose 3*g = 7*n - 4*n - 9, -21 = -n - 5*g. Let q be 43268/(-5) + n/(-15). Let t = 879 - q. Is t a prime number?
True
Let i(k) = 2905*k**2 + 172*k - 1750. Is i(11) a composite number?
True
Let w(a) = 91*a**2 - 3*a + 8. Let v = -28 - -30. Let d be w(v). Suppose d = p - 47. Is p a prime number?
False
Let o(t) = 98*t**2 + 12*t - 331. Is o(9) composite?
True
Let p = 6 - 22. Is 3/4 + (-98)/p*146 prime?
False
Let i(r) = 322*r + 116531. Is i(0) a prime number?
True
Let f = 56 + -72. Is 2578/((-19)/(456/f)) prime?
False
Let h(s) = -s**3 - 27*s**2 - 27*s - 25. Let j be h(-26). Is ((-3)/(-6))/(j/3414 - 0) a composite number?
True
Let r = 549 - 546. Let d(q) = 248*q**2 + 7*q - 16. Is d(r) a prime number?
True
Let i(q) = -17*q**3 + 11*q**2 + q + 11. Let h = -216 - -202. Is i(h) composite?
True
Suppose -x = j - 96727, -143*j + 147*j - 386944 = 5*x. Is j a composite number?
False
Suppose 7 = 14*a - 21. Suppose z + 3 = a. Let d(x) = -4536*x**3 - 2*x**2 + x + 2. Is d(z) composite?
True
Suppose 23*n - 6311587 + 1336296 = 0. Is n composite?
False
Let o(r) = 52*r**2 + 12*r - 27. Suppose -13 = -3*w + 2*a - 36, w - a = -8. Is o(w) a composite number?
False
Let f be (-4 - (-10 + 4))*3. Let l(q) = -7*q**3 - 5*q**2 - q + 27. Let w(a) = 3*a**3 + 3*a**2 + a - 13. Let s(g) = 4*l(g) + 9*w(g). Is s(f) composite?
True
Let p = -82090 + 123863. Is p composite?
True
Let y(t) = -t**2 + 18*t + 45. Let m be y(20). Suppose 44860 = 2*n + v, -n + 3249 = m*v - 19172. Is n a composite number?
True
Let v = -49989 + 71938. Is v composite?
True
Let c(h) = 18353*h - 183. Is c(2) prime?
True
Let p(r) = 310*r - 1369. Is p(77) a prime number?
True
Let c be (-27*(-1 + -2))/1. Let b be (-42342)/(-8) - (c/12)/9. Suppose 0 = -11*k + 12275 + b. Is k composite?
False
Suppose 2*l + 5*z = -46, -3*z = -4*z + 2. Let j be 12*(-3 + l/(-8)). Suppose 0 = j*w + w - 5495. Is w composite?
True
Let n = -10092 - -18200. Let a be -2 - n/(-8) - 3/2. Suppose 19*t = 17*t + a. Is t prime?
False
Let k(g) = 2*g**3 + 3*g**2 - 39*g - 31. Suppose 0 = -14*z + 21 + 231. Is k(z) a prime number?
True
Suppose 0 = 3*f + x - 220713, -95*x = 3*f - 92*x - 220713. Is f a composite number?
False
Suppose 4*l + 2*d = 1127080, 2*d - 1408849 = -3*l - 2*l. Is l composite?
True
Let c = 706627 + -249972. Is c prime?
False
Suppose -75*x - 16*x = -23*x - 40486588. Is x a composite number?
True
Let u be ((-26)/(-13))/(1/8*1). Suppose -2*f + 80 = u. Is 70840/f + (-3)/4 composite?
False
Let o(z) = -2845*z - 9262. Is o(-69) a prime number?
True
Let l(o) = o**2 - 8*o + 10. Let s be l(5). Is (-2)/10 - (15281/s + -5) a composite number?
False
Let z(w) = 237*w - 39. Let v be z(6). Let c = v + 26. Is c a prime number?
True
Is (-44 + 43)/((3 + 281084/(-93694))*1) a composite number?
True
Let c(w) = -w**2 + 21*w - 112. Let d be c(9). Is (1381/d)/(4/(-368) + 0) a composite number?
True
Let s(f) be the second derivative of -64/3*f**3 + 0 + 9/2*f**2 - 11*f. Is s(-4) composite?
False
Let v be (-9 - (-11 - -7)) + 64. Let b = 7010 + v. Is b a prime number?
True
Is -4 + 127739 + (14 + 6)/5 composite?
False
Let v be (-10)/5*5 - 0. Let a(m) = -2*m + 5. Let g be a(v). Suppose 0 = -3*l + 8*l - g, 2*b = 5*l - 11. Is b composite?
False
Suppose 0*w = 4*w - 92. Suppose w*v - 19*v = 0. Suppose v = -7*s + 6*s + 1687. Is s composite?
True
Let s(b) = -b - 11*b + b**2 + 14*b. Let x be s(-2). Suppose x*g - 3*g + 1923 = 0. Is g prime?
True
Let y(f) = -8009*f - 185. Is y(-26) a composite number?
False
Let h = -615 - -620. Suppose -j - h*f + 24 + 478 = 0, -4*j = 2*f - 2062. Is j a composite number?
True
Let s be ((-12)/10 + 2)/(12/30). Let y(q) = 21*q**3 + 0*q - 22*q**3 + 3*q + 9*q**s + 19*q**2 + 35. Is y(20) composite?
True
Let l = 47 - 79. Let p be (-4)/(-10) - l/(-5). Is (-2)/4*p - -14*97 a composite number?
False
Suppose -4*q + 2*d = -4512 + 47368, -q - 10714 = d. Let s = 20280 + q. Is s a prime number?
False
Let q be (-3182)/(-4) - (-1)/(-2). Suppose 5*s = k - 6*k + q, -640 = -4*k - 2*s. Is k a composite number?
True
Is 6 + 187/(-34) - (-3)/(12/394442) a composite number?
True
Suppose 0 = -39*s + 41*s - q - 11, 2*s - 4*q = 14. Suppose -4*g = -j - 102828, -3*g + s*j + 119783 = 42645. Is g a composite number?
True
Suppose 0 = -c - 2*z - 14, -5*c + 4*z = -3 + 143. Is (-39810)/c - 2 - (-2)/8 prime?
True
Let w(o) = -67091 - 14*o**2 + 134234 + 3*o**3 - 67108 + o. Let c be 8 + (1 - (-1 - -1)). Is w(c) a prime number?
True
Let h = -850528 - -1815629. Is h composite?
False
Is (-4)/30 - (10363549/(-30) + (-50)/(-20)) composite?
True
Suppose 4*b - 2 = 10, -2*v + 5*b = -10993. Suppose 9*h - 27419 + v = 0. Is h a prime number?
False
Let a(v) = -1001*v + 56. Let w(x) = 9009*x - 506. Let t(r) = -55*a(r) - 6*w(r). Is t(11) a prime number?
False
Let z = -1530 - -1657. Is z a composite number?
False
Let k be (-4*4/(-6))/(28/42). Suppose k*v - 6002 = 1658. Suppose -17676 = -4*a + 2*d, 0 = -3*a + 4*d + 11332 + v. Is a prime?
True
Suppose 3*h = -8529 - 35817. Let q = h + 45231. Is q prime?
True
Let k(s) = 15242*s + 379. Is k(3) prime?
False
Let p = -5016 - -8624. Suppose -5373 = -7*n + p. Is n composite?
False
Let a be ((-1 + 0)/3)/(31/(-46221)). Let z = 1011 - a. Is z a prime number?
False
Let t(v) = -v**3 - 11*v**2 - 16*v + 15. Let b(c) = c + 31. Let u be b(0). Let p = -42 + u. Is t(p) a composite number?
False
Suppose 179*u - 145244524 - 55859267 = 32*u. Is u a prime number?
True
Suppose -3*g - 2*h + 911439 = -74204, 0 = -2*h + 14. Is g a prime number?
True
Let d = -246 + 350. Let p = d + -99. Suppose 4*c + 923 - 284 = p*y, 2*y - 5*c = 259. Is y a composite number?
False
Suppose -21227 = -5*d + 1473. Let p = -849 + d. Is p prime?
True
Let w(r) = -r**3 - 13*r**2 + 2*r + 18. Let u be w(-13). Let g(n) = -3*n**3 - 3*n**2 - 22*n - 13. Is g(u) composite?
True
Let k(t) = -96*t + 76. Let v be k(-13). Let y = v - 177. Is y prime?
False
Is (0/8 - 0)*-1 + (275008 - 3) a prime number?
False
Let s(t) = -115*t**3 + 14*t**2 + 19*t - 9. Is s(-4) a prime number?
True
Let n be (10 - (-4 - -2)) + -2. Suppose -n*y = -y - 3249. Let j = 668 - y. Is j prime?
True
Let h(x) = -30 + 7*x - 6*x + 16*x - x - 3*x + 46*x**2. Is h(-17) composite?
False
Let n(z) = 2*z**3 - 61*z**2 - 82*z + 70. Is n(57) a composite number?
False
Suppose -414 + 1290 = -6*w. Let b = -129 - w. Suppose -5275 = 12*a - b*a. Is a a prime number?
False
Suppose -8*y = -34*y. Suppose 11190 = 5*v 